. What is the tens digit of g?
5
Let l = 109 + -17. Let z be (-4 - l/(-16))*-28. What is the tens digit of 2/((-2)/(z + 3))?
4
Let c = -8 - -115. What is the units digit of c?
7
Let d(b) = 4*b + 50. Let j be d(-12). Suppose -67 + 195 = x + 4*z, -j*z - 128 = -x. What is the units digit of x?
8
Let x(j) = j**3 + 7*j**2 + 4*j + 8. Let c be x(-7). Let t(r) be the third derivative of -r**4/24 + 5*r**3/6 - 9*r**2. What is the units digit of t(c)?
5
Suppose 1355 - 175 = 10*t. Suppose 0*r + r = -2*c + t, -3*r + 364 = 4*c. What is the tens digit of r?
2
Let q = -625 + 1717. What is the units digit of q?
2
Suppose 0 = -12*k + 2305 + 947. What is the tens digit of k?
7
Let l = 42 - 24. Suppose -12 = -v + s, v + 3*s + l = 2*v. Suppose -d = -12 - v. What is the tens digit of d?
2
Let r be -6 - (-38)/9 - (-2)/(-9). What is the tens digit of (75/(-10) + 2)/(r/20)?
5
Let l(m) = m**2 - 13*m + 22. Let v be l(13). Let r = v + 3. What is the tens digit of r?
2
Let i = -23 - -8. What is the tens digit of i*-2*52/20?
7
Let i(r) = -2*r - 14. Let z be i(-7). Let f(j) = 7*j**2 + j + 9. Let n(q) = -13*q**2 - 2*q - 19. Let y(h) = -11*f(h) - 6*n(h). What is the units digit of y(z)?
5
Let m be -1*1*(-14 - 81). Let s = m + -38. What is the units digit of s?
7
Let h(f) = -15 + 9*f + 2*f + 3*f. What is the tens digit of h(6)?
6
Suppose 0 = -3*m + 12, -4*m + 380 = -2*l + 3*l. What is the units digit of l?
4
Let j(r) = -6*r**2 + 221*r - 47. What is the tens digit of j(30)?
8
Let w(a) = -375*a + 260. What is the thousands digit of w(-7)?
2
Suppose -r + 160 = 3*m, r + 2*r = -m + 448. Let h = -101 + r. What is the units digit of h?
7
Suppose -3*j - v + 1901 = 0, 3*v - 2 + 5 = 0. What is the hundreds digit of j?
6
Let o = 3 - -2. Suppose 2*i + 0*i + 208 = -2*v, 0 = -o*i - 4*v - 518. Let a = -42 - i. What is the tens digit of a?
6
Suppose -4*n - 54 = -5*n. Suppose 126 = 5*d - n. Suppose y = -y + d. What is the units digit of y?
8
Suppose h + 181 - 1737 = 0. What is the thousands digit of h?
1
Let d = 4872 - 1834. What is the hundreds digit of d?
0
Let s(k) = -k**3 + 3*k**2 + 4*k + 4. Let q(d) = -19*d - 47. Let f(a) = 9*a + 23. Let w(b) = -13*f(b) - 6*q(b). Let p be w(-7). What is the units digit of s(p)?
4
Let n = 6 - -57. Let d = n - 26. What is the tens digit of d?
3
Suppose 0 = -m - s, 0*s - 4*s = m + 9. Suppose 3*t - v - 3*v + m = 0, 3*t - v = 6. Suppose 0 = 3*c, 3*l - t*c = 20 - 2. What is the units digit of l?
6
Let x(k) = 5 + 0*k - 9 - k + 0*k. What is the units digit of x(-7)?
3
Let u = 102 + -100. Suppose -b + 2*b + u*x = 240, 4*x = -8. What is the hundreds digit of b?
2
Suppose -p = 4*p, -5*p + 60 = -5*u. What is the units digit of (((-16)/6)/4)/(u/1728)?
6
Suppose 3991 = 13*r - 30992. What is the units digit of r?
1
Suppose f + 2*g - g = -5, 4*g + 20 = f. Suppose 2*n - 4*n = 6, f = -c - n + 173. What is the tens digit of c?
7
Let z = 51 + -45. Suppose l - z*l = -40. What is the units digit of l?
8
Let f(t) = -2*t**3 - 4*t**2 - 4*t - 3. Let l(s) = s**3 + s**2 + s + 1. Let k(p) = f(p) + 3*l(p). Let c be k(1). What is the tens digit of (c - -3 - 2) + 35?
3
Let f = 284 + -159. Suppose 3*g = -f - 7. Let k = -24 - g. What is the units digit of k?
0
Suppose -5384 = 36*d - 63524. What is the hundreds digit of d?
6
Let o(c) = -37*c - 13. What is the units digit of o(-20)?
7
Let l(r) be the first derivative of r**4/24 + r**3 - 3*r**2/2 + 1. Let d(j) be the second derivative of l(j). What is the units digit of d(15)?
1
Let z be 657/(-6)*(-8)/6. Suppose 73 = j + 4*o + 11, -4*o + z = 3*j. What is the tens digit of j?
4
Suppose -a - 2*t + 2 = 0, -1 = 7*a - 2*a - t. Suppose a = 4*b - 44 - 72. Let w = b + -15. What is the tens digit of w?
1
Let n = 72 + -46. What is the units digit of (1*8*5)/(n/39)?
0
Suppose -4*h - 4*s = -483 - 305, 2*s = -5*h + 976. What is the hundreds digit of h?
1
Suppose 4*f + 48*j = 49*j + 3555, -4*f + 3*j = -3545. What is the hundreds digit of f?
8
Suppose 19*i = 17*i + 310. Suppose 0 = 2*d - 3*d + i. What is the tens digit of d?
5
Let t = 973 + -387. What is the hundreds digit of t?
5
What is the units digit of (-375)/450 + 28870/12?
5
Let o(u) = u**2 - 5*u - 5. Let k be (3 + -2)*5 + 0. Let d be o(k). Let f = d - -10. What is the units digit of f?
5
Let u = 2086 - 861. What is the units digit of u?
5
Let t(u) = 70*u + 20. Let x be t(9). Let c = x - 445. What is the units digit of c?
5
Let v = 5 - 3. Suppose 3*k = -r + 1, 4*k - 5*r + v*r - 23 = 0. Suppose 4*c - 54 = k*y, 0*c - 4*y = 2*c - 22. What is the tens digit of c?
1
Suppose -21*f + 48212 = -4*f. What is the hundreds digit of f?
8
Let m = 159 + -233. Let a be 6/(-24) - m/8. Let b = a + 23. What is the tens digit of b?
3
Let f = -558 + 597. What is the units digit of f?
9
Suppose 2*w - 2*u + 6 = 0, 11 + 4 = -5*u. Let z(a) be the second derivative of a**5/20 + 7*a**4/12 + a**3/3 + a**2/2 - 2*a. What is the units digit of z(w)?
5
Let n be 88 - (5 + -1 + -1 + 0). Let k = 148 - n. What is the tens digit of k?
6
Let o be (2 - 1 - -2) + 5. Let z(y) = 2*y**2 - 6*y. What is the units digit of z(o)?
0
Let d = 561 + 449. What is the hundreds digit of d?
0
Let i(j) = 36*j - 1. Let y be (0 - 2)*7/(-7). Suppose -y*o + 1 = -o. What is the tens digit of i(o)?
3
Suppose 0 = -5*y - 848 + 3403. What is the hundreds digit of y?
5
Let c(p) = p**2 - 4*p + 14. Let r be c(6). Let b = 28 - r. Suppose -3*f + b*a + 142 = -f, 5*f - 347 = -3*a. What is the units digit of f?
0
Suppose 344 = 4*s + 56. Suppose 35 = -b - 2*z, -4*b + 7*z = 4*z + 107. Let h = b + s. What is the tens digit of h?
4
Let f(w) = -w + 5 - 9*w - 15*w + 2*w. Let v be f(-5). Suppose -5*n + n = -v. What is the units digit of n?
0
Let h = 5 + -3. Suppose -h*r = -8 + 34. Let g = r + 20. What is the units digit of g?
7
Suppose 9*c + 3090 = 12*c - 3*i, 0 = 4*c + 3*i - 4155. What is the hundreds digit of c?
0
What is the units digit of -6 + (4/3)/(39/7605)?
4
Let v = -8066 - -13557. What is the hundreds digit of v?
4
Let r(v) = 2*v**2 - 18*v + 401. What is the tens digit of r(30)?
6
Let h = 5 - 6. Let j be h - 2 - (-30)/6. Let g = 16 - j. What is the units digit of g?
4
Suppose 2*h + 50 = 124. Let c be 20/3*3/2. Let k = h - c. What is the units digit of k?
7
Let w be (-2)/(-4) - 12/(-8). Suppose -4*l + 347 = -k - 2*k, 0 = 3*l + w*k - 239. Let f = -48 + l. What is the tens digit of f?
3
Let d(f) = 92*f**2 - 9*f - 93. What is the hundreds digit of d(-5)?
2
Suppose -4*p - 5*p = 3*p. Suppose p = -s - 5*s + 1158. What is the units digit of s?
3
Let x = 224 - 106. What is the tens digit of x?
1
Suppose -10 = -j + 102. Suppose 0 = 3*c - c - j. What is the tens digit of c?
5
Suppose -31*i + 38*i - 6923 = 0. What is the hundreds digit of i?
9
Let d be (-1)/(-6) - 30/(-36). Let v be -3 - (-1)/d - -72. Suppose j + p = 6*j - v, 0 = j + 2*p - 3. What is the tens digit of j?
1
Let r be 691/5 - (-1)/(-5). Suppose -6*p + 4*p + r = 0. What is the tens digit of p?
6
Let w(m) = -m**2 + 8*m - 7. Let k be w(7). Suppose 2*c - 3 = -r - k*r, 0 = -4*r + 12. Suppose y = c, 4*x = 2*y - 4*y + 128. What is the units digit of x?
2
Let z(t) = 47*t**2 - 2. Let d be z(2). Suppose -y = -5*n + n + 140, -d = -5*n + 4*y. Suppose -68 = -3*o + s + s, -o + n = 5*s. What is the units digit of o?
4
Let j be 560/(-6)*72/(-32). Suppose 0 = -0*d + 7*d - j. What is the units digit of d?
0
Suppose 0 = -23*i - i + 13440. What is the units digit of i?
0
Let d = 1291 - 1851. What is the tens digit of 4/(-6) + d/(-21)?
2
Let l(o) = o + 5. Let v be l(-4). Let h be ((-20)/(-16))/(v/4). Suppose -h*f = 4*x + x - 5, -3*x + 3*f + 9 = 0. What is the units digit of x?
2
Let g(b) = b**3 + 4*b**2 + 4*b + 2. Let n be g(-2). Suppose n*v - 2 = v. Suppose -4*w + 148 = 4*s, v*s + 45 = w - 4. What is the units digit of w?
1
Suppose 9*k - 4966 - 110 = 0. Let b = k + -327. What is the hundreds digit of b?
2
Let z = -336 + 136. Let s = 296 + z. What is the tens digit of s?
9
Let a = 5404 - 2474. What is the units digit of a?
0
Let x(o) = -o + 8. Let l be x(8). Suppose l = -15*z + 13*z - 16. What is the units digit of (22/(-6))/(z/72)?
3
Let n = -48 + 108. Suppose -4*u - 2*x = -212, -3*x - n = u - 2*u. What is the tens digit of u?
5
Suppose -5*j + 25 = 0, -i + 2*j = -5*i + 142. What is the tens digit of i?
3
Let m be 4/14 + (-208)/91. 